{"id":54,"date":"2014-09-06T08:31:48","date_gmt":"2014-09-06T08:31:48","guid":{"rendered":"http:\/\/www.amdclaw.com\/main\/?page_id=54"},"modified":"2014-09-07T04:41:40","modified_gmt":"2014-09-07T04:41:40","slug":"curacao","status":"publish","type":"page","link":"https:\/\/www.amdclaw.com\/main\/curacao\/","title":{"rendered":"Cura\u00e7ao"},"content":{"rendered":"<p>Cura\u00e7ao is a southern Caribbean island located off the Venezuelan coast. Cura\u00e7ao is rich in history and is home to the colorful Willemstad, its capital city, which has been designated by UNESCO as a World Heritage Site. Since the colonial times Cura\u00e7ao has been a center for trade and it shows in the beautiful buildings, which adorn Willemstad\u2019s city center and outskirts. <\/p>\n<p>Cura\u00e7ao possesses relatively good quality infrastructure, including one of the busiest ports in the Caribbean and state of the art telecommunication networks. <\/p>\n<h3>Political Status<\/h3>\n<p>After the dissolution of the Netherlands Antilles on 10 October 2010, Cura\u00e7ao obtained its autonomous status, making it next to The Netherlands, Aruba and St Maarten one of the four constituent countries of The Kingdom of The Netherlands. The citizens of all the constituent countries within the Kingdom share one nationality, which is Dutch.  <\/p>\n<p>As a self-governing country within the Kingdom, Cura\u00e7ao is in principle responsible of its own internal affairs. The head of state is King Willem Alexander of the Netherlands, who is represented by the Governor of Cura\u00e7ao, appointed to serve six-year terms. Legislation is enacted by a 21 member Staten (in Papiamento: Parlamento) together with the Government. Members of the Staten are elected by direct popular vote to serve four-year terms. The Government is formed by a nine-member cabinet, which is typically backed by a majority in the Staten.<\/p>\n<h3>Legal System<\/h3>\n<p>Cura\u00e7ao is a civil law country, meaning that its laws are written (codified) into a referable system, which forms the primary source of law. The main source of private law is the Civil Code of Cura\u00e7ao, which comprehensively deals with matters related to business, contracts and liability. <\/p>\n<p>The legal jurisdiction lies with the Court of First Instance of Cura\u00e7ao, the decisions of which may be appealed to the Joint Court of Justice of Aruba, Cura\u00e7ao, St Maarten and of Bonaire, St Eustatius and Saba. Decisions of that Court may in turn be appealed to the Supreme Court of the Netherlands in The Hague. <\/p>\n<h3>Economy<\/h3>\n<p>Cura\u00e7ao is considered the cradle of offshore financial services and today that sector still flourishes with corporations taking advantage of Cura\u00e7ao\u2019s legal, tax and e-commerce infrastructure. Having one of the busiest harbors in the Caribbean, including dry dock and bunkering facilities, the maritime industry plays a significant role in the island\u2019s economy. Oil refining and transshipment have also been important for Cura\u00e7ao since the 1920s. Furthermore, the island has two freezone\u2019s, one at the Willemstad harbor and one at the airport. Tourism is also a major contributor to Cura\u00e7ao\u2019s economy. <\/p>\n","protected":false},"excerpt":{"rendered":"<p>Cura\u00e7ao is a southern Caribbean island located off the Venezuelan coast. Cura\u00e7ao is rich in history and is home to the colorful Willemstad, its capital city, which has been designated by UNESCO as a World Heritage Site. Since the colonial times Cura\u00e7ao has been a center for trade and it shows in the beautiful buildings, [&hellip;]<\/p>\n","protected":false},"author":1,"featured_media":106,"parent":0,"menu_order":0,"comment_status":"open","ping_status":"open","template":"","meta":{"footnotes":""},"_links":{"self":[{"href":"https:\/\/www.amdclaw.com\/main\/wp-json\/wp\/v2\/pages\/54"}],"collection":[{"href":"https:\/\/www.amdclaw.com\/main\/wp-json\/wp\/v2\/pages"}],"about":[{"href":"https:\/\/www.amdclaw.com\/main\/wp-json\/wp\/v2\/types\/page"}],"author":[{"embeddable":true,"href":"https:\/\/www.amdclaw.com\/main\/wp-json\/wp\/v2\/users\/1"}],"replies":[{"embeddable":true,"href":"https:\/\/www.amdclaw.com\/main\/wp-json\/wp\/v2\/comments?post=54"}],"version-history":[{"count":1,"href":"https:\/\/www.amdclaw.com\/main\/wp-json\/wp\/v2\/pages\/54\/revisions"}],"predecessor-version":[{"id":55,"href":"https:\/\/www.amdclaw.com\/main\/wp-json\/wp\/v2\/pages\/54\/revisions\/55"}],"wp:featuredmedia":[{"embeddable":true,"href":"https:\/\/www.amdclaw.com\/main\/wp-json\/wp\/v2\/media\/106"}],"wp:attachment":[{"href":"https:\/\/www.amdclaw.com\/main\/wp-json\/wp\/v2\/media?parent=54"}],"curies":[{"name":"wp","href":"https:\/\/api.w.org\/{rel}","templated":true}]}}